 b(i) = -9*i**2 - 592*i - 9827. What is b(-34)?
-103
Let l(f) = 674*f - 35774. Calculate l(53).
-52
Let b(l) = 449*l**2 + 175110*l + 1032. Give b(-390).
1032
Let b(j) = j**3 - 10*j**2 + 239*j + 840. Calculate b(-3).
6
Let t(x) = -x**3 + 5*x**2 + 201*x + 765. Determine t(-8).
-11
Let g(p) = -4*p**2 + 828*p + 32794. Give g(241).
18
Let b(d) = -d**3 + 142*d**2 - 1578*d + 161380. What is b(139)?
1
Let c(x) = 54*x**2 + 33333*x - 24102. Give c(-618).
0
Let j(l) = -2*l**2 - 155*l + 2339. Calculate j(13).
-14
Let u(y) = 27*y + 6924. Calculate u(-261).
-123
Let t(a) = -a**3 + 78*a**2 + 73*a + 626. Give t(79).
152
Let f(t) = -3*t**3 + 24*t**2 + 67*t - 281. Give f(-8).
2255
Let g(o) = -5*o**2 + 827*o + 248. Determine g(170).
-3662
Let k(x) = 18*x**2 - 1362*x - 21377. Give k(89).
-17
Let a(b) = b**2 - 1003*b + 246095. Give a(575).
-5
Let w(c) = 210398*c + 841601. Give w(-4).
9
Let k(x) = x**2 - 466*x + 53717. What is k(210)?
-43
Let k(p) = 4*p**3 + 23*p**2 - 23*p + 26. Calculate k(-8).
-366
Let b(h) = 674*h - 77421. What is b(115)?
89
Let g(t) = t**3 + 45*t**2 - 214*t - 2979. Give g(-48).
381
Let f(i) = 34*i**2 - 2598*i + 15478. Calculate f(6).
1114
Let w(a) = a**3 + 37*a**2 + 313*a + 26. Give w(-8).
-622
Let c(u) = 8*u**2 + 3098*u + 299848. Determine c(-191).
-22
Let h(i) = -18*i**2 - 65*i + 870. Give h(-9).
-3
Let i(v) = 708*v**2 - 3516*v - 100. What is i(5)?
20
Let p(z) = 250*z - 5755. Give p(20).
-755
Let d(a) = 2*a**2 - 942*a + 35845. Give d(429).
-191
Let q(u) = -20607*u + 1421897. What is q(69)?
14
Let h(f) = -6*f**2 - 587*f - 9397. Determine h(-20).
-57
Let p(i) = 3*i**3 - 144*i**2 + 454*i - 132. What is p(3)?
15
Let f(k) = -k**2 + 83*k + 3474. Determine f(-28).
366
Let g(d) = -22*d - 1526. Determine g(-43).
-580
Let c(o) = -420*o + 99954. Give c(238).
-6
Let c(x) = -5*x**2 + 5899*x - 17675. Calculate c(3).
-23
Let i(f) = -25*f + 2025. Calculate i(23).
1450
Let q(m) = 3*m**3 - 2*m**2 + 20*m + 131. Determine q(-3).
-28
Let w(s) = -s**2 - 50*s + 791. What is w(15)?
-184
Let b(g) = 16*g**2 - 492*g - 82. What is b(26)?
-2058
Let h(c) = 14*c**2 + 298*c - 5620. Give h(11).
-648
Let x(z) = 1500*z**2 - 5992*z + 16. Calculate x(4).
48
Let z(b) = 87179*b + 2789708. Determine z(-32).
-20
Let w(f) = f**3 + 10*f**2 - 424*f - 3841. Determine w(-22).
-321
Let b(t) = -168*t + 65816. Determine b(392).
-40
Let w(v) = -v**2 - 77422*v + 619450. Determine w(8).
10
Let u(w) = 11*w**2 + 286*w - 1367. Give u(-30).
-47
Let u(a) = 24*a**2 + 8830*a + 8152. What is u(-367)?
78
Let x(u) = u**3 - 45*u**2 - 698*u + 498. Give x(-13).
-230
Let n(d) = -d**3 - 125*d**2 - 125*d + 106. Give n(-124).
230
Let d(w) = -w**2 + 1437*w - 86897. Calculate d(63).
-335
Let y(t) = -2*t**2 - 1144*t - 39510. Give y(-535).
80
Let t(a) = -6754*a**2 - 114815*a + 3. Give t(-17).
-48
Let q(f) = -f**3 + 39*f**2 + 252*f - 10213. Give q(41).
-3243
Let f(w) = w**2 - 11953*w - 696642. What is f(-58)?
-4
Let p(x) = x**2 - 2018*x + 226051. Determine p(119).
70
Let g(z) = 6*z**2 + 175*z - 1933. Determine g(11).
718
Let q(o) = 66*o**2 - 6800*o + 228. Give q(103).
22
Let y(r) = 5583*r + 921193. What is y(-165)?
-2
Let t(k) = k**3 - 38*k**2 + 17*k + 598. What is t(37)?
-142
Let c(r) = -167*r**2 - 793*r - 7. Give c(-5).
-217
Let r(v) = -3*v**3 + 72*v**2 + 275*v - 353. Calculate r(27).
511
Let a(o) = -50*o**3 - 3932*o**2 + 5444*o + 327. Give a(-80).
7
Let q(o) = -456*o + 2579. What is q(6)?
-157
Let c(v) = v**3 - 13*v**2 - 9790*v + 146406. Calculate c(15).
6
Let w(m) = 845*m + 4038. Determine w(-6).
-1032
Let h(p) = p**3 + 108*p**2 + 625*p + 21750. Determine h(-104).
14
Let g(j) = -11738*j + 845198. Give g(72).
62
Let i(h) = 1175*h - 31526. What is i(27)?
199
Let a(p) = 27*p + 984. Give a(-38).
-42
Let m(l) = l**2 + 35984*l - 323881. Determine m(9).
56
Let g(j) = -843*j + 26912. Calculate g(31).
779
Let c(g) = -10*g**2 + 534*g - 6700. Give c(32).
148
Let m(o) = -o**2 - 15757*o + 1921274. What is m(121)?
36
Let r(m) = -m**2 + 1346*m + 5398. Calculate r(-4).
-2
Let r(h) = 18*h**2 - 495*h + 1089. Give r(25).
-36
Let u(a) = 244*a - 16366. Calculate u(73).
1446
Let o(s) = -34064*s - 681283. What is o(-20)?
-3
Let n(o) = 4*o**2 - 73*o - 1762. What is n(-21)?
1535
Let q(r) = -4*r**3 + 114*r**2 + 197*r + 266. Give q(30).
776
Let k(s) = s**3 - 6676*s**2 + 40019*s + 10. Calculate k(6).
4
Let t(u) = -7*u**2 - 715*u - 4641. What is t(-95)?
109
Let u(p) = 3*p**3 + 15*p**2 + 59*p + 458. Calculate u(-6).
-4
Let q(r) = r**3 + 341*r**2 - 6957*r - 2694203. Calculate q(-338).
-5
Let z(l) = 1612*l - 215996. Determine z(134).
12
Let u(r) = r**3 - r**2 - 18*r - 80. Give u(-6).
-224
Let p(h) = -9833*h - 19652. Give p(-2).
14
Let h(c) = -c**3 + 2*c**2 + 1079*c - 4311. Give h(4).
-27
Let t(v) = 664*v + 22987. Calculate t(-31).
2403
Let y(j) = 2142*j + 536. Determine y(0).
536
Let u(l) = 6303*l + 5950038. Give u(-944).
6
Let b(l) = -535*l**2 + 8563*l - 85. What is b(16)?
-37
Let p(r) = r**3 - 44*r**2 - 2090*r - 9199. What is p(-5)?
26
Let y(g) = -223*g**2 - 180*g + 4194. What is y(4)?
-94
Let p(y) = 3*y**3 - 28*y**2 - 254*y - 28. Give p(-7).
-651
Let m(c) = 2*c**2 + 13694*c + 7087195. Give m(-564).
-29
Let t(r) = -93269*r + 1. Give t(0).
1
Let s(c) = c**2 - 114*c - 1231. Determine s(125).
144
Let g(d) = 20*d**3 + 6598*d**2 - 635*d + 8261. Calculate g(-330).
11
Let l(a) = -294*a - 14693. What is l(-55)?
1477
Let p(k) = k**2 - 12367*k + 12369. Determine p(1).
3
Let w(c) = -29785*c + 446767. Give w(15).
-8
Let n(v) = -v**3 + 15*v**2 - 67*v + 402. Determine n(10).
232
Let o(z) = 2*z**3 + 6*z**2 - 179*z + 14. Determine o(7).
-259
Let b(m) = 37*m**3 - 187*m**2 - 397*m + 2032. Determine b(5).
-3
Let y(x) = 10*x**3 + 15*x**2 + 21*x - 15. What is y(5)?
1715
Let d(s) = -578*s - 92481. What is d(-160)?
-1
Let p(o) = -1106*o + 17779. What is p(16)?
83
Let v(b) = 3*b**3 + 57*b**2 + 213*b + 490. Determine v(-15).
-5
Let z(h) = h**3 - 228*h**2 + 250*h - 57015. Calculate z(228).
-15
Let r(n) = 2472*n - 17416. Determine r(7).
-112
Let c(z) = 142244*z + 30. Calculate c(0).
30
Let w(l) = 10257*l + 338832. Give w(-33).
351
Let s(r) = 6*r**2 - 1009*r - 8543. Give s(-8).
-87
Let b(p) = -3*p**3 + 863*p**2 - 572*p - 500. Give b(287).
74
Let f(a) = 66*a**2 + 1420*a + 622. Calculate f(-21).
-92
Let y(m) = -2*m**3 - 2492*m**2 - 61050*m - 13. Calculate y(-25).
-13
Let p(x) = 8*x**2 + 66*x - 55. Give p(-15).
755
Let o(z) = -5459*z**2 - 5509*z. Calculate o(-1).
50
Let l(w) = -8*w**2 + 65836*w + 8. Give l(0).
8
Let m(t) = 15343*t + 4342040. Determine m(-283).
-29
Let j(t) = -68*t**2 + 11708*t - 2103. What is j(172)?
-39
Let j(u) = -u**2 + 1113*u + 21531. Calculate j(-19).
23
Let t(u) = -12*u**3 - 153*u**2 - 383*u + 80. What is t(-9)?
-118
Let p(a) = -150656*a - 903940. Give p(-6).
-4
Let h(y) = -9*y**2 + 309*y - 974. Give h(31).
-44
Let v(r) = 2*r**2 + 295*r + 356. Determine v(-137).
-2521
Let l(w) = 76732*w + 1457877. Give l(-19).
-31
Let u(h) = -532426*h + 1597282. Determine u(3).
4
Let d(r) = -2*r**3 - 151*r**2 + 80*r + 62. What is d(-76)?
-242
Let l(v) = -45*v**2 - 62*v - 378. Give l(-6).
-1626
Let d(t) = 25*t**2 + 5434*t - 60637. Calculate d(-228).
11
Let b(x) = -124884*x**2 - 749309*x - 27. Give b(-6).
3
Let z(a) = -a**2 + 26*a + 3191. Give z(-92).
-7665
Let u(y) = 150296*y + 33065114. What is u(-220)?
-6
Let b(o) = -21413*o - 535265. Determine b(-25).
60
Let y(l) = 31*l**2 + 185*l + 945. Give y(-5).
795
Let i(h) = -h**2 - 6995*h + 182513. Calculate i(26).
-33
Let z(o) = -11*o**2 - 5030*o - 1361. Give z(-457).
10
Let a(k) = -273*k + 51086. Determine a(187).
35
Let v(o) = -4*o**3 + 7*o**2 + 3262*o - 6517. Give v(2).
3
Let r(n) = n**3 + 15*n**2 + 568*n + 8239. Give r(-14).
483
Let b(y) = 8612*y + 34754. What is b(-4)?
306
Let r(a) = -a**3 + 143*a**2 + 742*a - 257. Determine r(148).
39
Let f(q) = -q**2 - 1020*q - 254449. Calculate f(-585).
26
Let m(b) = -3442*b - 20521. Calculate m(-6).
131
Let f(h) = -1224076*h - 31825970. Determine f(-26).
6
Let q(d) = -3010*d - 29222. Determine q(-10).
878
Let p(v) = -1281*v**2 - 24342*v - 122. What is p(-19)?
-65
Let r(z) = -33*z + 750. What is r(26)?
-108
Let m(h) = -3*h**3 - 7597*h**2 - 30389*h - 16. Give m(-4).
180
Let y(n) = -20090*n - 40376. Determine y(-2).
-196
Let r(a) = a**3 + 192*a**2 + 1292*a - 576. Calculate r(-1